{"id":1229,"date":"2025-08-22T15:13:37","date_gmt":"2025-08-22T15:13:37","guid":{"rendered":"https:\/\/inmemo.net\/?page_id=1229"},"modified":"2025-08-22T16:03:53","modified_gmt":"2025-08-22T16:03:53","slug":"ivosep","status":"publish","type":"page","link":"https:\/\/inmemo.net\/?page_id=1229","title":{"rendered":"Ivosep"},"content":{"rendered":"<div class=\"wpb-content-wrapper\"><div class=\"vc_row wpb_row vc_row-fluid\"><div class=\"wpb_column vc_column_container vc_col-sm-12\"><div class=\"vc_column-inner\"><div class=\"wpb_wrapper\">\n\t<div class=\"wpb_text_column wpb_content_element\" >\n\t\t<div class=\"wpb_wrapper\">\n\t\t\t<p><strong>Ivosep<\/strong><\/p>\n<p>Adresse\u00a0: Boulevard F\u00e9lix Houphou\u00ebt Boigny \u2013 Zone 3 \u2013 Treichville \u2013 05 BP 989 Abidjan 05 \u2013 Abidjan \u2013 C\u00f4te d\u2019Ivoire<\/p>\n<p>Num\u00e9ro de tel\u00a0:<\/p>\n<p>+225 27 21 25 69 25<\/p>\n<p>+225 01 02 50 47 02<\/p>\n<p>+225 07 07 61 55 36<\/p>\n<p>Site internet\u00a0: <a href=\"https:\/\/www.ivosep.ci\">https:\/\/www.ivosep.ci<\/a><\/p>\n<p>Localisation\u00a0: 2426 Boulevard F\u00e9lix Houphou\u00ebt Boigny, Abidjan, C\u00f4te d&#8217;Ivoire<\/p>\n<p>Fiche\u00a0:<\/p>\n<p>Soci\u00e9t\u00e9 Anonyme (SA) \u00e0 capitaux enti\u00e8rement ivoiriens,\u00a0<strong>IVOSEP<\/strong>\u00a0est la Principale soci\u00e9t\u00e9 de pompes fun\u00e8bres pr\u00e9sente en C\u00f4te d\u2019Ivoire depuis 1956.<br \/>\nDans l\u2019optique d\u2019\u00eatre plus proche de la population ivoirienne et lui offrir ses services, IVOSEP est Repr\u00e9sent\u00e9e sur toute l\u2019\u00e9tendue du territoire avec une trentaine de succursales et bureaux dans les plus grandes villes et localit\u00e9s du pays.<br \/>\nSes activit\u00e9s sont essentiellement la fabrication et la vente des cercueils, le traitement, la conservation des corps, le transfert des d\u00e9pouilles mortelles vers leurs derni\u00e8res demeures, la tenture et l\u2019incin\u00e9ration de corps.<br \/>\nAfin de pouvoir r\u00e9pondre favorablement aux demandes des familles, IVOSEP poss\u00e8de sa propre usine de fabrication de cercueils avec un rendement mensuel minimum de pr\u00e8s de 800 unit\u00e9s.<br \/>\nElle a aussi des fournisseurs locaux et \u00e9trangers qui lui permettent d\u2019offrir une gamme tr\u00e8s large de cercueils pour tous les types de m\u00e9nages.<br \/>\nIVOSEP, c\u2019est aussi un parc automobile d\u2019une centaine de v\u00e9hicules, de la premi\u00e8re classe \u00e0 la classe luxueuse.<br \/>\nCet atout est appr\u00e9ci\u00e9 des Ivoiriens que la culture fun\u00e9raire oblige \u00e0 inhumer leurs d\u00e9funts dans leurs localit\u00e9s.<\/p>\n\n\t\t<\/div>\n\t<\/div>\n\n\t<div  class=\"wpb_single_image wpb_content_element vc_align_left wpb_content_element\">\n\t\t\n\t\t<figure class=\"wpb_wrapper vc_figure\">\n\t\t\t<div class=\"vc_single_image-wrapper   vc_box_border_grey\"><img decoding=\"async\" width=\"150\" height=\"150\" src=\"https:\/\/inmemo.net\/wp-content\/uploads\/2025\/08\/IMG-20250822-WA0009-150x150.jpg\" class=\"vc_single_image-img attachment-thumbnail\" alt=\"\" title=\"IMG-20250822-WA0009\" srcset=\"https:\/\/inmemo.net\/wp-content\/uploads\/2025\/08\/IMG-20250822-WA0009-150x150.jpg 150w, https:\/\/inmemo.net\/wp-content\/uploads\/2025\/08\/IMG-20250822-WA0009-12x12.jpg 12w, https:\/\/inmemo.net\/wp-content\/uploads\/2025\/08\/IMG-20250822-WA0009-100x100.jpg 100w, https:\/\/inmemo.net\/wp-content\/uploads\/2025\/08\/IMG-20250822-WA0009.jpg 200w\" sizes=\"(max-width: 150px) 100vw, 150px\" \/><\/div>\n\t\t<\/figure>\n\t<\/div>\n<\/div><\/div><\/div><\/div><div class=\"vc_row wpb_row vc_row-fluid\"><div class=\"wpb_column vc_column_container vc_col-sm-12\"><div class=\"vc_column-inner\"><div class=\"wpb_wrapper\"><\/div><\/div><\/div><\/div>\n<\/div>","protected":false},"excerpt":{"rendered":"Ivosep Adresse\u00a0: Boulevard F\u00e9lix Houphou\u00ebt Boigny \u2013 Zone 3 \u2013 Treichville \u2013 05 BP 989 Abidjan 05 \u2013 Abidjan \u2013 C\u00f4te d\u2019Ivoire Num\u00e9ro de tel\u00a0: +225 27 21 25 69 25 +225 01 02 50 47 02 +225 07 07 61 55 36 Site internet\u00a0: https:\/\/www.ivosep.ci Localisation\u00a0: 2426 Boulevard F\u00e9lix Houphou\u00ebt Boigny, Abidjan, C\u00f4te d'Ivoire Fiche\u00a0: Soci\u00e9t\u00e9 Anonyme (SA) \u00e0 capitaux enti\u00e8rement ivoiriens,\u00a0IVOSEP\u00a0est la Principale soci\u00e9t\u00e9 de pompes fun\u00e8bres pr\u00e9sente en C\u00f4te d\u2019Ivoire depuis 1956. Dans l\u2019optique d\u2019\u00eatre plus proche de la population ivoirienne et lui offrir ses services, IVOSEP est Repr\u00e9sent\u00e9e sur toute l\u2019\u00e9tendue du territoire avec une trentaine de succursales et bureaux dans les plus grandes villes et localit\u00e9s du pays. Ses activit\u00e9s sont essentiellement la fabrication et la vente des cercueils, le traitement, la conservation des corps, le transfert des d\u00e9pouilles mortelles vers leurs derni\u00e8res demeures, la tenture et l\u2019incin\u00e9ration de corps. Afin de pouvoir r\u00e9pondre favorablement aux demandes des familles, IVOSEP poss\u00e8de sa propre usine de fabrication de cercueils avec un rendement mensuel minimum de pr\u00e8s de 800 unit\u00e9s. Elle a aussi des fournisseurs locaux et \u00e9trangers qui lui permettent d\u2019offrir une gamme tr\u00e8s large de cercueils pour tous les types de m\u00e9nages. IVOSEP, c\u2019est aussi un parc automobile d\u2019une centaine de v\u00e9hicules, de la premi\u00e8re classe \u00e0 la classe luxueuse. Cet atout est appr\u00e9ci\u00e9 des Ivoiriens que la culture fun\u00e9raire oblige \u00e0 inhumer leurs d\u00e9funts dans leurs localit\u00e9s.","protected":false},"author":1,"featured_media":0,"parent":0,"menu_order":0,"comment_status":"closed","ping_status":"closed","template":"","meta":{"_themeisle_gutenberg_block_has_review":false,"footnotes":""},"class_list":["post-1229","page","type-page","status-publish","hentry"],"yoast_head":"<!-- This site is optimized with the Yoast SEO plugin v27.6 - https:\/\/yoast.com\/product\/yoast-seo-wordpress\/ -->\n<title>Ivosep - inmemo<\/title>\n<meta name=\"robots\" content=\"index, follow, max-snippet:-1, max-image-preview:large, max-video-preview:-1\" \/>\n<link rel=\"canonical\" href=\"https:\/\/inmemo.net\/?page_id=1229\" \/>\n<meta property=\"og:locale\" content=\"fr_FR\" \/>\n<meta property=\"og:type\" content=\"article\" \/>\n<meta property=\"og:title\" content=\"Ivosep - inmemo\" \/>\n<meta property=\"og:url\" content=\"https:\/\/inmemo.net\/?page_id=1229\" \/>\n<meta property=\"og:site_name\" content=\"inmemo\" \/>\n<meta property=\"article:modified_time\" content=\"2025-08-22T16:03:53+00:00\" \/>\n<meta name=\"twitter:card\" content=\"summary_large_image\" \/>\n<meta name=\"twitter:label1\" content=\"Dur\u00e9e de lecture estim\u00e9e\" \/>\n\t<meta name=\"twitter:data1\" content=\"2 minutes\" \/>\n<script type=\"application\/ld+json\" class=\"yoast-schema-graph\">{\"@context\":\"https:\\\/\\\/schema.org\",\"@graph\":[{\"@type\":\"WebPage\",\"@id\":\"https:\\\/\\\/inmemo.net\\\/?page_id=1229\",\"url\":\"https:\\\/\\\/inmemo.net\\\/?page_id=1229\",\"name\":\"Ivosep - inmemo\",\"isPartOf\":{\"@id\":\"https:\\\/\\\/inmemo.net\\\/#website\"},\"datePublished\":\"2025-08-22T15:13:37+00:00\",\"dateModified\":\"2025-08-22T16:03:53+00:00\",\"breadcrumb\":{\"@id\":\"https:\\\/\\\/inmemo.net\\\/?page_id=1229#breadcrumb\"},\"inLanguage\":\"fr-FR\",\"potentialAction\":[{\"@type\":\"ReadAction\",\"target\":[\"https:\\\/\\\/inmemo.net\\\/?page_id=1229\"]}]},{\"@type\":\"BreadcrumbList\",\"@id\":\"https:\\\/\\\/inmemo.net\\\/?page_id=1229#breadcrumb\",\"itemListElement\":[{\"@type\":\"ListItem\",\"position\":1,\"name\":\"Home\",\"item\":\"https:\\\/\\\/inmemo.net\\\/\"},{\"@type\":\"ListItem\",\"position\":2,\"name\":\"Ivosep\"}]},{\"@type\":\"WebSite\",\"@id\":\"https:\\\/\\\/inmemo.net\\\/#website\",\"url\":\"https:\\\/\\\/inmemo.net\\\/\",\"name\":\"inmemo\",\"description\":\"Rendez vos souvenir inoubliables\",\"potentialAction\":[{\"@type\":\"SearchAction\",\"target\":{\"@type\":\"EntryPoint\",\"urlTemplate\":\"https:\\\/\\\/inmemo.net\\\/?s={search_term_string}\"},\"query-input\":{\"@type\":\"PropertyValueSpecification\",\"valueRequired\":true,\"valueName\":\"search_term_string\"}}],\"inLanguage\":\"fr-FR\"}]}<\/script>\n<!-- \/ Yoast SEO plugin. -->","yoast_head_json":{"title":"Ivosep - inmemo","robots":{"index":"index","follow":"follow","max-snippet":"max-snippet:-1","max-image-preview":"max-image-preview:large","max-video-preview":"max-video-preview:-1"},"canonical":"https:\/\/inmemo.net\/?page_id=1229","og_locale":"fr_FR","og_type":"article","og_title":"Ivosep - inmemo","og_url":"https:\/\/inmemo.net\/?page_id=1229","og_site_name":"inmemo","article_modified_time":"2025-08-22T16:03:53+00:00","twitter_card":"summary_large_image","twitter_misc":{"Dur\u00e9e de lecture estim\u00e9e":"2 minutes"},"schema":{"@context":"https:\/\/schema.org","@graph":[{"@type":"WebPage","@id":"https:\/\/inmemo.net\/?page_id=1229","url":"https:\/\/inmemo.net\/?page_id=1229","name":"Ivosep - inmemo","isPartOf":{"@id":"https:\/\/inmemo.net\/#website"},"datePublished":"2025-08-22T15:13:37+00:00","dateModified":"2025-08-22T16:03:53+00:00","breadcrumb":{"@id":"https:\/\/inmemo.net\/?page_id=1229#breadcrumb"},"inLanguage":"fr-FR","potentialAction":[{"@type":"ReadAction","target":["https:\/\/inmemo.net\/?page_id=1229"]}]},{"@type":"BreadcrumbList","@id":"https:\/\/inmemo.net\/?page_id=1229#breadcrumb","itemListElement":[{"@type":"ListItem","position":1,"name":"Home","item":"https:\/\/inmemo.net\/"},{"@type":"ListItem","position":2,"name":"Ivosep"}]},{"@type":"WebSite","@id":"https:\/\/inmemo.net\/#website","url":"https:\/\/inmemo.net\/","name":"inmemo","description":"Rendez vos souvenir inoubliables","potentialAction":[{"@type":"SearchAction","target":{"@type":"EntryPoint","urlTemplate":"https:\/\/inmemo.net\/?s={search_term_string}"},"query-input":{"@type":"PropertyValueSpecification","valueRequired":true,"valueName":"search_term_string"}}],"inLanguage":"fr-FR"}]}},"_links":{"self":[{"href":"https:\/\/inmemo.net\/index.php?rest_route=\/wp\/v2\/pages\/1229","targetHints":{"allow":["GET"]}}],"collection":[{"href":"https:\/\/inmemo.net\/index.php?rest_route=\/wp\/v2\/pages"}],"about":[{"href":"https:\/\/inmemo.net\/index.php?rest_route=\/wp\/v2\/types\/page"}],"author":[{"embeddable":true,"href":"https:\/\/inmemo.net\/index.php?rest_route=\/wp\/v2\/users\/1"}],"replies":[{"embeddable":true,"href":"https:\/\/inmemo.net\/index.php?rest_route=%2Fwp%2Fv2%2Fcomments&post=1229"}],"version-history":[{"count":7,"href":"https:\/\/inmemo.net\/index.php?rest_route=\/wp\/v2\/pages\/1229\/revisions"}],"predecessor-version":[{"id":1238,"href":"https:\/\/inmemo.net\/index.php?rest_route=\/wp\/v2\/pages\/1229\/revisions\/1238"}],"wp:attachment":[{"href":"https:\/\/inmemo.net\/index.php?rest_route=%2Fwp%2Fv2%2Fmedia&parent=1229"}],"curies":[{"name":"wp","href":"https:\/\/api.w.org\/{rel}","templated":true}]}}