{"id":1240,"date":"2025-08-22T16:14:54","date_gmt":"2025-08-22T16:14:54","guid":{"rendered":"https:\/\/inmemo.net\/?page_id=1240"},"modified":"2025-08-22T16:37:46","modified_gmt":"2025-08-22T16:37:46","slug":"fune-info","status":"publish","type":"page","link":"https:\/\/inmemo.net\/?page_id=1240","title":{"rendered":"Fune info"},"content":{"rendered":"<div class=\"wpb-content-wrapper\"><div class=\"vc_row wpb_row vc_row-fluid\"><div class=\"wpb_column vc_column_container vc_col-sm-12\"><div class=\"vc_column-inner\"><div class=\"wpb_wrapper\">\n\t<div class=\"wpb_text_column wpb_content_element\" >\n\t\t<div class=\"wpb_wrapper\">\n\t\t\t<p><strong>\u00a0<\/strong><strong>Fune info<\/strong><\/p>\n<p>Adresse\u00a0:<\/p>\n<p>Num\u00e9ro de tel\u00a0:<\/p>\n<p>+225 27 21 59 81 50<\/p>\n<p>+225 07 89 93 48 58<\/p>\n<p>Email\u00a0: contact@fune.info<\/p>\n<p>Site internet\u00a0: <a href=\"https:\/\/www.fune.info\/\">https:\/\/www.fune.info\/<\/a><\/p>\n<p>Localisation\u00a0: Boulevard F\u00e9lix Houphou\u00ebt Boigny \u2013 Carrefour Camp commando \u2013 Koumassi \u2013 Abidjan \u2013 C\u00f4te d\u2019Ivoire<\/p>\n<p>&nbsp;<\/p>\n<p>Fiche\u00a0:<\/p>\n<p><strong>FUNE INFO<\/strong> est un portail d\u2019information et d\u2019assistance en ligne aux personnes en deuil.<\/p>\n<p>Sa proximit\u00e9 et son savoir-faire font de <strong>FUNE INFO<\/strong> aujourd\u2019hui, la r\u00e9f\u00e9rence nationale en mati\u00e8re d\u2019assistance fun\u00e9raire.<\/p>\n<p>Nous avons pour ambition de nous positionner comme le leader africain dans le secteur des services fun\u00e9raires.<\/p>\n<ul>\n<li>Call center<\/li>\n<li>Transport des d\u00e9pouilles mortelles<\/li>\n<li>D\u00e9marches administratives<\/li>\n<li>N\u00e9crologie \/ Faire-part<\/li>\n<li>Organisations des obs\u00e8ques (c\u00e9r\u00e9monies, veill\u00e9es fun\u00e9raires, convois)<\/li>\n<li>Confection et entretien de tombes<\/li>\n<li>Incin\u00e9ration<\/li>\n<\/ul>\n\n\t\t<\/div>\n\t<\/div>\n<\/div><\/div><\/div><\/div><div class=\"vc_row wpb_row vc_row-fluid\"><div class=\"wpb_column vc_column_container vc_col-sm-12\"><div class=\"vc_column-inner\"><div class=\"wpb_wrapper\">\n\t<div  class=\"wpb_single_image wpb_content_element vc_align_left wpb_content_element\">\n\t\t\n\t\t<figure class=\"wpb_wrapper vc_figure\">\n\t\t\t<div class=\"vc_single_image-wrapper   vc_box_border_grey\"><img decoding=\"async\" class=\"vc_img-placeholder vc_single_image-img\" src=\"https:\/\/inmemo.net\/wp-content\/plugins\/js_composer\/assets\/vc\/no_image.png\" \/><\/div>\n\t\t<\/figure>\n\t<\/div>\n<\/div><\/div><\/div><\/div>\n<\/div>","protected":false},"excerpt":{"rendered":"\u00a0Fune info Adresse\u00a0: Num\u00e9ro de tel\u00a0: +225 27 21 59 81 50 +225 07 89 93 48 58 Email\u00a0: contact@fune.info Site internet\u00a0: https:\/\/www.fune.info\/ Localisation\u00a0: Boulevard F\u00e9lix Houphou\u00ebt Boigny \u2013 Carrefour Camp commando \u2013 Koumassi \u2013 Abidjan \u2013 C\u00f4te d\u2019Ivoire &nbsp; Fiche\u00a0: FUNE INFO est un portail d\u2019information et d\u2019assistance en ligne aux personnes en deuil. Sa proximit\u00e9 et son savoir-faire font de FUNE INFO aujourd\u2019hui, la r\u00e9f\u00e9rence nationale en mati\u00e8re d\u2019assistance fun\u00e9raire. Nous avons pour ambition de nous positionner comme le leader africain dans le secteur des services fun\u00e9raires. Call center Transport des d\u00e9pouilles mortelles D\u00e9marches administratives N\u00e9crologie \/ Faire-part Organisations des obs\u00e8ques (c\u00e9r\u00e9monies, veill\u00e9es fun\u00e9raires, convois) Confection et entretien de tombes Incin\u00e9ration","protected":false},"author":1,"featured_media":0,"parent":0,"menu_order":0,"comment_status":"closed","ping_status":"closed","template":"","meta":{"_themeisle_gutenberg_block_has_review":false,"footnotes":""},"class_list":["post-1240","page","type-page","status-publish","hentry"],"yoast_head":"<!-- This site is optimized with the Yoast SEO plugin v27.6 - https:\/\/yoast.com\/product\/yoast-seo-wordpress\/ -->\n<title>Fune info - inmemo<\/title>\n<meta name=\"robots\" content=\"index, follow, max-snippet:-1, max-image-preview:large, max-video-preview:-1\" \/>\n<link rel=\"canonical\" href=\"https:\/\/inmemo.net\/?page_id=1240\" \/>\n<meta property=\"og:locale\" content=\"fr_FR\" \/>\n<meta property=\"og:type\" content=\"article\" \/>\n<meta property=\"og:title\" content=\"Fune info - inmemo\" \/>\n<meta property=\"og:url\" content=\"https:\/\/inmemo.net\/?page_id=1240\" \/>\n<meta property=\"og:site_name\" content=\"inmemo\" \/>\n<meta property=\"article:modified_time\" content=\"2025-08-22T16:37:46+00:00\" \/>\n<meta name=\"twitter:card\" content=\"summary_large_image\" \/>\n<meta name=\"twitter:label1\" content=\"Dur\u00e9e de lecture estim\u00e9e\" \/>\n\t<meta name=\"twitter:data1\" content=\"1 minute\" \/>\n<script type=\"application\/ld+json\" class=\"yoast-schema-graph\">{\"@context\":\"https:\\\/\\\/schema.org\",\"@graph\":[{\"@type\":\"WebPage\",\"@id\":\"https:\\\/\\\/inmemo.net\\\/?page_id=1240\",\"url\":\"https:\\\/\\\/inmemo.net\\\/?page_id=1240\",\"name\":\"Fune info - inmemo\",\"isPartOf\":{\"@id\":\"https:\\\/\\\/inmemo.net\\\/#website\"},\"datePublished\":\"2025-08-22T16:14:54+00:00\",\"dateModified\":\"2025-08-22T16:37:46+00:00\",\"breadcrumb\":{\"@id\":\"https:\\\/\\\/inmemo.net\\\/?page_id=1240#breadcrumb\"},\"inLanguage\":\"fr-FR\",\"potentialAction\":[{\"@type\":\"ReadAction\",\"target\":[\"https:\\\/\\\/inmemo.net\\\/?page_id=1240\"]}]},{\"@type\":\"BreadcrumbList\",\"@id\":\"https:\\\/\\\/inmemo.net\\\/?page_id=1240#breadcrumb\",\"itemListElement\":[{\"@type\":\"ListItem\",\"position\":1,\"name\":\"Home\",\"item\":\"https:\\\/\\\/inmemo.net\\\/\"},{\"@type\":\"ListItem\",\"position\":2,\"name\":\"Fune info\"}]},{\"@type\":\"WebSite\",\"@id\":\"https:\\\/\\\/inmemo.net\\\/#website\",\"url\":\"https:\\\/\\\/inmemo.net\\\/\",\"name\":\"inmemo\",\"description\":\"Rendez vos souvenir inoubliables\",\"potentialAction\":[{\"@type\":\"SearchAction\",\"target\":{\"@type\":\"EntryPoint\",\"urlTemplate\":\"https:\\\/\\\/inmemo.net\\\/?s={search_term_string}\"},\"query-input\":{\"@type\":\"PropertyValueSpecification\",\"valueRequired\":true,\"valueName\":\"search_term_string\"}}],\"inLanguage\":\"fr-FR\"}]}<\/script>\n<!-- \/ Yoast SEO plugin. -->","yoast_head_json":{"title":"Fune info - inmemo","robots":{"index":"index","follow":"follow","max-snippet":"max-snippet:-1","max-image-preview":"max-image-preview:large","max-video-preview":"max-video-preview:-1"},"canonical":"https:\/\/inmemo.net\/?page_id=1240","og_locale":"fr_FR","og_type":"article","og_title":"Fune info - inmemo","og_url":"https:\/\/inmemo.net\/?page_id=1240","og_site_name":"inmemo","article_modified_time":"2025-08-22T16:37:46+00:00","twitter_card":"summary_large_image","twitter_misc":{"Dur\u00e9e de lecture estim\u00e9e":"1 minute"},"schema":{"@context":"https:\/\/schema.org","@graph":[{"@type":"WebPage","@id":"https:\/\/inmemo.net\/?page_id=1240","url":"https:\/\/inmemo.net\/?page_id=1240","name":"Fune info - inmemo","isPartOf":{"@id":"https:\/\/inmemo.net\/#website"},"datePublished":"2025-08-22T16:14:54+00:00","dateModified":"2025-08-22T16:37:46+00:00","breadcrumb":{"@id":"https:\/\/inmemo.net\/?page_id=1240#breadcrumb"},"inLanguage":"fr-FR","potentialAction":[{"@type":"ReadAction","target":["https:\/\/inmemo.net\/?page_id=1240"]}]},{"@type":"BreadcrumbList","@id":"https:\/\/inmemo.net\/?page_id=1240#breadcrumb","itemListElement":[{"@type":"ListItem","position":1,"name":"Home","item":"https:\/\/inmemo.net\/"},{"@type":"ListItem","position":2,"name":"Fune info"}]},{"@type":"WebSite","@id":"https:\/\/inmemo.net\/#website","url":"https:\/\/inmemo.net\/","name":"inmemo","description":"Rendez vos souvenir inoubliables","potentialAction":[{"@type":"SearchAction","target":{"@type":"EntryPoint","urlTemplate":"https:\/\/inmemo.net\/?s={search_term_string}"},"query-input":{"@type":"PropertyValueSpecification","valueRequired":true,"valueName":"search_term_string"}}],"inLanguage":"fr-FR"}]}},"_links":{"self":[{"href":"https:\/\/inmemo.net\/index.php?rest_route=\/wp\/v2\/pages\/1240","targetHints":{"allow":["GET"]}}],"collection":[{"href":"https:\/\/inmemo.net\/index.php?rest_route=\/wp\/v2\/pages"}],"about":[{"href":"https:\/\/inmemo.net\/index.php?rest_route=\/wp\/v2\/types\/page"}],"author":[{"embeddable":true,"href":"https:\/\/inmemo.net\/index.php?rest_route=\/wp\/v2\/users\/1"}],"replies":[{"embeddable":true,"href":"https:\/\/inmemo.net\/index.php?rest_route=%2Fwp%2Fv2%2Fcomments&post=1240"}],"version-history":[{"count":4,"href":"https:\/\/inmemo.net\/index.php?rest_route=\/wp\/v2\/pages\/1240\/revisions"}],"predecessor-version":[{"id":1242,"href":"https:\/\/inmemo.net\/index.php?rest_route=\/wp\/v2\/pages\/1240\/revisions\/1242"}],"wp:attachment":[{"href":"https:\/\/inmemo.net\/index.php?rest_route=%2Fwp%2Fv2%2Fmedia&parent=1240"}],"curies":[{"name":"wp","href":"https:\/\/api.w.org\/{rel}","templated":true}]}}