{"id":1253,"date":"2025-08-23T13:15:49","date_gmt":"2025-08-23T13:15:49","guid":{"rendered":"https:\/\/inmemo.net\/?page_id=1253"},"modified":"2025-08-23T13:30:09","modified_gmt":"2025-08-23T13:30:09","slug":"pfga","status":"publish","type":"page","link":"https:\/\/inmemo.net\/?page_id=1253","title":{"rendered":"Pompes Fun\u00e8bres G\u00e9n\u00e9rales d\u2019Afrique"},"content":{"rendered":"<div class=\"wpb-content-wrapper\"><div class=\"vc_row wpb_row vc_row-fluid\"><div class=\"wpb_column vc_column_container vc_col-sm-12\"><div class=\"vc_column-inner\"><div class=\"wpb_wrapper\">\n\t<div class=\"wpb_text_column wpb_content_element\" >\n\t\t<div class=\"wpb_wrapper\">\n\t\t\t<p>Adresse\u00a0: Rue Pierre et Marie Curie \u2013 Zone 4 \u2013 Marcory \u2013 18 BP 2730 Abidjan 18 \u2013 Abidjan \u2013 C\u00f4te d\u2019Ivoire<\/p>\n<p>Num\u00e9ro de tel\u00a0:<\/p>\n<p>+2252721591205<\/p>\n<p>+2250757571718<\/p>\n<p>Site internet\u00a0: <a href=\"https:\/\/www.linkedin.com\/company\/pfga\">https:\/\/www.linkedin.com\/company\/pfga<\/a><\/p>\n<p>Localisation\u00a0: Rue Pierre et Marie Curie \u2013 Zone 4 \u2013 Marcory \u2013 Abidjan \u2013 C\u00f4te d\u2019Ivoire<\/p>\n<p>Fiche\u00a0:<\/p>\n<p><strong>PFGA (Pompes Fun\u00e8bres G\u00e9n\u00e9rales d\u2019Afrique)<\/strong> se positionne actuellement en bonne place dans le domaine des Pompes Fun\u00e8bres, de la vente de cercueils, du transport de d\u00e9pouilles, de la vente de couronnes, de l&#8217;organisation d&#8217;obs\u00e8ques et de la conservation de d\u00e9pouilles.<\/p>\n\n\t\t<\/div>\n\t<\/div>\n<\/div><\/div><\/div><\/div>\n<\/div>","protected":false},"excerpt":{"rendered":"Adresse\u00a0: Rue Pierre et Marie Curie \u2013 Zone 4 \u2013 Marcory \u2013 18 BP 2730 Abidjan 18 \u2013 Abidjan \u2013 C\u00f4te d\u2019Ivoire Num\u00e9ro de tel\u00a0: +2252721591205 +2250757571718 Site internet\u00a0: https:\/\/www.linkedin.com\/company\/pfga Localisation\u00a0: Rue Pierre et Marie Curie \u2013 Zone 4 \u2013 Marcory \u2013 Abidjan \u2013 C\u00f4te d\u2019Ivoire Fiche\u00a0: PFGA (Pompes Fun\u00e8bres G\u00e9n\u00e9rales d\u2019Afrique) se positionne actuellement en bonne place dans le domaine des Pompes Fun\u00e8bres, de la vente de cercueils, du transport de d\u00e9pouilles, de la vente de couronnes, de l'organisation d'obs\u00e8ques et de la conservation de d\u00e9pouilles.","protected":false},"author":1,"featured_media":0,"parent":0,"menu_order":0,"comment_status":"closed","ping_status":"closed","template":"","meta":{"_themeisle_gutenberg_block_has_review":false,"footnotes":""},"class_list":["post-1253","page","type-page","status-publish","hentry"],"yoast_head":"<!-- This site is optimized with the Yoast SEO plugin v27.6 - https:\/\/yoast.com\/product\/yoast-seo-wordpress\/ -->\n<title>Pompes Fun\u00e8bres G\u00e9n\u00e9rales d\u2019Afrique - inmemo<\/title>\n<meta name=\"robots\" content=\"index, follow, max-snippet:-1, max-image-preview:large, max-video-preview:-1\" \/>\n<link rel=\"canonical\" href=\"https:\/\/inmemo.net\/?page_id=1253\" \/>\n<meta property=\"og:locale\" content=\"fr_FR\" \/>\n<meta property=\"og:type\" content=\"article\" \/>\n<meta property=\"og:title\" content=\"Pompes Fun\u00e8bres G\u00e9n\u00e9rales d\u2019Afrique - inmemo\" \/>\n<meta property=\"og:url\" content=\"https:\/\/inmemo.net\/?page_id=1253\" \/>\n<meta property=\"og:site_name\" content=\"inmemo\" \/>\n<meta property=\"article:modified_time\" content=\"2025-08-23T13:30:09+00:00\" \/>\n<meta name=\"twitter:card\" content=\"summary_large_image\" \/>\n<meta name=\"twitter:label1\" content=\"Dur\u00e9e de lecture estim\u00e9e\" \/>\n\t<meta name=\"twitter:data1\" content=\"1 minute\" \/>\n<script type=\"application\/ld+json\" class=\"yoast-schema-graph\">{\"@context\":\"https:\\\/\\\/schema.org\",\"@graph\":[{\"@type\":\"WebPage\",\"@id\":\"https:\\\/\\\/inmemo.net\\\/?page_id=1253\",\"url\":\"https:\\\/\\\/inmemo.net\\\/?page_id=1253\",\"name\":\"Pompes Fun\u00e8bres G\u00e9n\u00e9rales d\u2019Afrique - inmemo\",\"isPartOf\":{\"@id\":\"https:\\\/\\\/inmemo.net\\\/#website\"},\"datePublished\":\"2025-08-23T13:15:49+00:00\",\"dateModified\":\"2025-08-23T13:30:09+00:00\",\"breadcrumb\":{\"@id\":\"https:\\\/\\\/inmemo.net\\\/?page_id=1253#breadcrumb\"},\"inLanguage\":\"fr-FR\",\"potentialAction\":[{\"@type\":\"ReadAction\",\"target\":[\"https:\\\/\\\/inmemo.net\\\/?page_id=1253\"]}]},{\"@type\":\"BreadcrumbList\",\"@id\":\"https:\\\/\\\/inmemo.net\\\/?page_id=1253#breadcrumb\",\"itemListElement\":[{\"@type\":\"ListItem\",\"position\":1,\"name\":\"Home\",\"item\":\"https:\\\/\\\/inmemo.net\\\/\"},{\"@type\":\"ListItem\",\"position\":2,\"name\":\"Pompes Fun\u00e8bres G\u00e9n\u00e9rales d\u2019Afrique\"}]},{\"@type\":\"WebSite\",\"@id\":\"https:\\\/\\\/inmemo.net\\\/#website\",\"url\":\"https:\\\/\\\/inmemo.net\\\/\",\"name\":\"inmemo\",\"description\":\"Rendez vos souvenir inoubliables\",\"potentialAction\":[{\"@type\":\"SearchAction\",\"target\":{\"@type\":\"EntryPoint\",\"urlTemplate\":\"https:\\\/\\\/inmemo.net\\\/?s={search_term_string}\"},\"query-input\":{\"@type\":\"PropertyValueSpecification\",\"valueRequired\":true,\"valueName\":\"search_term_string\"}}],\"inLanguage\":\"fr-FR\"}]}<\/script>\n<!-- \/ Yoast SEO plugin. -->","yoast_head_json":{"title":"Pompes Fun\u00e8bres G\u00e9n\u00e9rales d\u2019Afrique - inmemo","robots":{"index":"index","follow":"follow","max-snippet":"max-snippet:-1","max-image-preview":"max-image-preview:large","max-video-preview":"max-video-preview:-1"},"canonical":"https:\/\/inmemo.net\/?page_id=1253","og_locale":"fr_FR","og_type":"article","og_title":"Pompes Fun\u00e8bres G\u00e9n\u00e9rales d\u2019Afrique - inmemo","og_url":"https:\/\/inmemo.net\/?page_id=1253","og_site_name":"inmemo","article_modified_time":"2025-08-23T13:30:09+00:00","twitter_card":"summary_large_image","twitter_misc":{"Dur\u00e9e de lecture estim\u00e9e":"1 minute"},"schema":{"@context":"https:\/\/schema.org","@graph":[{"@type":"WebPage","@id":"https:\/\/inmemo.net\/?page_id=1253","url":"https:\/\/inmemo.net\/?page_id=1253","name":"Pompes Fun\u00e8bres G\u00e9n\u00e9rales d\u2019Afrique - inmemo","isPartOf":{"@id":"https:\/\/inmemo.net\/#website"},"datePublished":"2025-08-23T13:15:49+00:00","dateModified":"2025-08-23T13:30:09+00:00","breadcrumb":{"@id":"https:\/\/inmemo.net\/?page_id=1253#breadcrumb"},"inLanguage":"fr-FR","potentialAction":[{"@type":"ReadAction","target":["https:\/\/inmemo.net\/?page_id=1253"]}]},{"@type":"BreadcrumbList","@id":"https:\/\/inmemo.net\/?page_id=1253#breadcrumb","itemListElement":[{"@type":"ListItem","position":1,"name":"Home","item":"https:\/\/inmemo.net\/"},{"@type":"ListItem","position":2,"name":"Pompes Fun\u00e8bres G\u00e9n\u00e9rales d\u2019Afrique"}]},{"@type":"WebSite","@id":"https:\/\/inmemo.net\/#website","url":"https:\/\/inmemo.net\/","name":"inmemo","description":"Rendez vos souvenir inoubliables","potentialAction":[{"@type":"SearchAction","target":{"@type":"EntryPoint","urlTemplate":"https:\/\/inmemo.net\/?s={search_term_string}"},"query-input":{"@type":"PropertyValueSpecification","valueRequired":true,"valueName":"search_term_string"}}],"inLanguage":"fr-FR"}]}},"_links":{"self":[{"href":"https:\/\/inmemo.net\/index.php?rest_route=\/wp\/v2\/pages\/1253","targetHints":{"allow":["GET"]}}],"collection":[{"href":"https:\/\/inmemo.net\/index.php?rest_route=\/wp\/v2\/pages"}],"about":[{"href":"https:\/\/inmemo.net\/index.php?rest_route=\/wp\/v2\/types\/page"}],"author":[{"embeddable":true,"href":"https:\/\/inmemo.net\/index.php?rest_route=\/wp\/v2\/users\/1"}],"replies":[{"embeddable":true,"href":"https:\/\/inmemo.net\/index.php?rest_route=%2Fwp%2Fv2%2Fcomments&post=1253"}],"version-history":[{"count":3,"href":"https:\/\/inmemo.net\/index.php?rest_route=\/wp\/v2\/pages\/1253\/revisions"}],"predecessor-version":[{"id":1257,"href":"https:\/\/inmemo.net\/index.php?rest_route=\/wp\/v2\/pages\/1253\/revisions\/1257"}],"wp:attachment":[{"href":"https:\/\/inmemo.net\/index.php?rest_route=%2Fwp%2Fv2%2Fmedia&parent=1253"}],"curies":[{"name":"wp","href":"https:\/\/api.w.org\/{rel}","templated":true}]}}